{"id":9,"date":"2017-05-09T13:48:11","date_gmt":"2017-05-09T11:48:11","guid":{"rendered":"http:\/\/localhost\/wordpress\/?page_id=9"},"modified":"2022-10-06T13:38:04","modified_gmt":"2022-10-06T11:38:04","slug":"spielorte","status":"publish","type":"page","link":"https:\/\/hc-tuebingen.de\/?page_id=9","title":{"rendered":"Spielorte"},"content":{"rendered":"<p>Heimspiele der Hallenrunde werden zumeist in der Sporthalle der Geschwister Scholl Schule auf dem Waldh\u00e4user Ost (WHO) am Berliner Ring 33 ausgetragen. In wenigen Ausnahmen (Spielplan des HBW beachten) spielen wir in der Paul-Horn-Arena in der Europastra\u00dfe 50.<\/p>\n<p>Heimspiele der Feldrunde werden auf dem Kunstrasen in der Jahnallee ausgetragen. Der Platz liegt in einem Park zwischen B28 (Hegelstra\u00dfe) auf der einen Seite und dem T\u00fcbinger Freibad, TSG-Gel\u00e4nde und dem Stadion der SV 03 T\u00fcbingen auf der anderen Seite. Von der B28 aus fahren Sie in Richtung Freibad\/Festplatz und suchen sich im Bereich des Freibads einen Parkplatz. Von dort aus geht es zu Fu\u00df am SV 03 Stadion vorbei in den Park hinein. Nach ca. 400 m findet sich der Kunstrasenplatz.<\/p>\n<p><strong><br \/>\nSportplatz Kunstrasenfeld Jahnallee<br \/>\n<\/strong>72072 T\u00fcbingen<br \/>\n<em>&gt; Parken beim Freibad \/ Paul-Horn-Arena<br \/>\nToiletten und Duschen befinden sich im TSG-Heim neben der Paul-Horn-Arena<br \/>\n<\/em><\/p>\n<div class=\"su-gmap su-u-responsive-media-yes\"><div class=\"BorlabsCookie _brlbs-cb-googlemaps\"><div class=\"_brlbs-content-blocker\"> <div class=\"_brlbs-embed _brlbs-google-maps\"> <img data-recalc-dims=\"1\" class=\"_brlbs-thumbnail\" src=\"https:\/\/i0.wp.com\/hc-tuebingen.de\/wp-content\/plugins\/borlabs-cookie\/assets\/images\/cb-maps.png?w=620&#038;ssl=1\" alt=\"Google Maps\"> <div class=\"_brlbs-caption\"> <p>Mit dem Laden der Karte akzeptieren Sie die Datenschutzerkl\u00e4rung von Google.<br><a href=\"https:\/\/policies.google.com\/privacy\" target=\"_blank\" rel=\"nofollow noopener noreferrer\">Mehr erfahren<\/a><\/p> <p><a class=\"_brlbs-btn\" href=\"#\" data-borlabs-cookie-unblock role=\"button\">Karte laden<\/a><\/p> <p><label><input type=\"checkbox\" name=\"unblockAll\" value=\"1\" checked> <small>Google Maps immer entsperren<\/small><\/label><\/p> <\/div> <\/div> <\/div><div class=\"borlabs-hide\" data-borlabs-cookie-type=\"content-blocker\" data-borlabs-cookie-id=\"googlemaps\"><script type=\"text\/template\">PGlmcmFtZSBsb2FkaW5nPSJsYXp5IiB3aWR0aD0iNjAwIiBoZWlnaHQ9IjQwMCIgc3JjPSIvL21hcHMuZ29vZ2xlLmNvbS9tYXBzP3E9U3BvcnRwbGF0eiUyMEt1bnN0cmFzZW5mZWxkJTJDJTIwNzIwNzIlMjBUJUMzJUJDYmluZ2VuJmFtcDtvdXRwdXQ9ZW1iZWQiIHRpdGxlPSIiPjwvaWZyYW1lPg==<\/script><\/div><\/div><\/div>\n<hr>\n<p><strong><br \/>\nPaul-Horn-Arena<br \/>\n<\/strong>Europastra\u00dfe 50, 72072 T\u00fcbingen<\/p>\n<div class=\"su-gmap su-u-responsive-media-yes\"><div class=\"BorlabsCookie _brlbs-cb-googlemaps\"><div class=\"_brlbs-content-blocker\"> <div class=\"_brlbs-embed _brlbs-google-maps\"> <img data-recalc-dims=\"1\" class=\"_brlbs-thumbnail\" src=\"https:\/\/i0.wp.com\/hc-tuebingen.de\/wp-content\/plugins\/borlabs-cookie\/assets\/images\/cb-maps.png?w=620&#038;ssl=1\" alt=\"Google Maps\"> <div class=\"_brlbs-caption\"> <p>Mit dem Laden der Karte akzeptieren Sie die Datenschutzerkl\u00e4rung von Google.<br><a href=\"https:\/\/policies.google.com\/privacy\" target=\"_blank\" rel=\"nofollow noopener noreferrer\">Mehr erfahren<\/a><\/p> <p><a class=\"_brlbs-btn\" href=\"#\" data-borlabs-cookie-unblock role=\"button\">Karte laden<\/a><\/p> <p><label><input type=\"checkbox\" name=\"unblockAll\" value=\"1\" checked> <small>Google Maps immer entsperren<\/small><\/label><\/p> <\/div> <\/div> <\/div><div class=\"borlabs-hide\" data-borlabs-cookie-type=\"content-blocker\" data-borlabs-cookie-id=\"googlemaps\"><script type=\"text\/template\">PGlmcmFtZSBsb2FkaW5nPSJsYXp5IiB3aWR0aD0iNjAwIiBoZWlnaHQ9IjQwMCIgc3JjPSIvL21hcHMuZ29vZ2xlLmNvbS9tYXBzP3E9UGF1bC1Ib3JuLUFyZW5hJTJDJTIwRXVyb3Bhc3RyYSVDMyU5RmUlMjA1MCUyQyUyMDcyMDcyJTIwVCVDMyVCQ2JpbmdlbiZhbXA7b3V0cHV0PWVtYmVkIiB0aXRsZT0iIj48L2lmcmFtZT4=<\/script><\/div><\/div><\/div>\n<hr>\n<p><strong><br \/>\nSporthalle Geschwister-Scholl Schule<br \/>\n<\/strong>Europastra\u00dfe 50, 72072 T\u00fcbingen<br \/>\n<em>&gt; Eingang zur Halle im Schulhof<\/em><\/p>\n<div class=\"su-gmap su-u-responsive-media-yes\"><div class=\"BorlabsCookie _brlbs-cb-googlemaps\"><div class=\"_brlbs-content-blocker\"> <div class=\"_brlbs-embed _brlbs-google-maps\"> <img data-recalc-dims=\"1\" class=\"_brlbs-thumbnail\" src=\"https:\/\/i0.wp.com\/hc-tuebingen.de\/wp-content\/plugins\/borlabs-cookie\/assets\/images\/cb-maps.png?w=620&#038;ssl=1\" alt=\"Google Maps\"> <div class=\"_brlbs-caption\"> <p>Mit dem Laden der Karte akzeptieren Sie die Datenschutzerkl\u00e4rung von Google.<br><a href=\"https:\/\/policies.google.com\/privacy\" target=\"_blank\" rel=\"nofollow noopener noreferrer\">Mehr erfahren<\/a><\/p> <p><a class=\"_brlbs-btn\" href=\"#\" data-borlabs-cookie-unblock role=\"button\">Karte laden<\/a><\/p> <p><label><input type=\"checkbox\" name=\"unblockAll\" value=\"1\" checked> <small>Google Maps immer entsperren<\/small><\/label><\/p> <\/div> <\/div> <\/div><div class=\"borlabs-hide\" data-borlabs-cookie-type=\"content-blocker\" data-borlabs-cookie-id=\"googlemaps\"><script type=\"text\/template\">PGlmcmFtZSBsb2FkaW5nPSJsYXp5IiB3aWR0aD0iNjAwIiBoZWlnaHQ9IjQwMCIgc3JjPSIvL21hcHMuZ29vZ2xlLmNvbS9tYXBzP3E9U3BvcnRoYWxsZSUyMEdlc2Nod2lzdGVyLVNjaG9sbC1TY2h1bGUlMkMlMjA3MjA3NiUyMFQlQzMlQkNiaW5nZW4mYW1wO291dHB1dD1lbWJlZCIgdGl0bGU9IiI+PC9pZnJhbWU+<\/script><\/div><\/div><\/div>\n<hr>\n<p><strong><br \/>\nBallspielhalle Aixer Stra\u00dfe vor der Panzerhalle<br \/>\n<\/strong>Aixer Stra\u00dfe&nbsp;58, 72072 T\u00fcbingen<\/p>\n<div class=\"su-gmap su-u-responsive-media-yes\"><div class=\"BorlabsCookie _brlbs-cb-googlemaps\"><div class=\"_brlbs-content-blocker\"> <div class=\"_brlbs-embed _brlbs-google-maps\"> <img data-recalc-dims=\"1\" class=\"_brlbs-thumbnail\" src=\"https:\/\/i0.wp.com\/hc-tuebingen.de\/wp-content\/plugins\/borlabs-cookie\/assets\/images\/cb-maps.png?w=620&#038;ssl=1\" alt=\"Google Maps\"> <div class=\"_brlbs-caption\"> <p>Mit dem Laden der Karte akzeptieren Sie die Datenschutzerkl\u00e4rung von Google.<br><a href=\"https:\/\/policies.google.com\/privacy\" target=\"_blank\" rel=\"nofollow noopener noreferrer\">Mehr erfahren<\/a><\/p> <p><a class=\"_brlbs-btn\" href=\"#\" data-borlabs-cookie-unblock role=\"button\">Karte laden<\/a><\/p> <p><label><input type=\"checkbox\" name=\"unblockAll\" value=\"1\" checked> <small>Google Maps immer entsperren<\/small><\/label><\/p> <\/div> <\/div> <\/div><div class=\"borlabs-hide\" data-borlabs-cookie-type=\"content-blocker\" data-borlabs-cookie-id=\"googlemaps\"><script type=\"text\/template\">PGlmcmFtZSBsb2FkaW5nPSJsYXp5IiB3aWR0aD0iNjAwIiBoZWlnaHQ9IjQwMCIgc3JjPSIvL21hcHMuZ29vZ2xlLmNvbS9tYXBzP3E9QWl4ZXIlMjBTdHIuJTIwMTQlMkYxJTJDJTIwNzIwNzIlMjBUJUMzJUJDYmluZ2VuJmFtcDtvdXRwdXQ9ZW1iZWQiIHRpdGxlPSIiPjwvaWZyYW1lPg==<\/script><\/div><\/div><\/div>\n<hr>\n<p><strong><br \/>\nSporthalle Philosophenweg<br \/>\n<\/strong>Philosophenweg, 72076 T\u00fcbingen<\/p>\n<div class=\"su-gmap su-u-responsive-media-yes\"><div class=\"BorlabsCookie _brlbs-cb-googlemaps\"><div class=\"_brlbs-content-blocker\"> <div class=\"_brlbs-embed _brlbs-google-maps\"> <img data-recalc-dims=\"1\" class=\"_brlbs-thumbnail\" src=\"https:\/\/i0.wp.com\/hc-tuebingen.de\/wp-content\/plugins\/borlabs-cookie\/assets\/images\/cb-maps.png?w=620&#038;ssl=1\" alt=\"Google Maps\"> <div class=\"_brlbs-caption\"> <p>Mit dem Laden der Karte akzeptieren Sie die Datenschutzerkl\u00e4rung von Google.<br><a href=\"https:\/\/policies.google.com\/privacy\" target=\"_blank\" rel=\"nofollow noopener noreferrer\">Mehr erfahren<\/a><\/p> <p><a class=\"_brlbs-btn\" href=\"#\" data-borlabs-cookie-unblock role=\"button\">Karte laden<\/a><\/p> <p><label><input type=\"checkbox\" name=\"unblockAll\" value=\"1\" checked> <small>Google Maps immer entsperren<\/small><\/label><\/p> <\/div> <\/div> <\/div><div class=\"borlabs-hide\" data-borlabs-cookie-type=\"content-blocker\" data-borlabs-cookie-id=\"googlemaps\"><script type=\"text\/template\">PGlmcmFtZSBsb2FkaW5nPSJsYXp5IiB3aWR0aD0iNjAwIiBoZWlnaHQ9IjQwMCIgc3JjPSIvL21hcHMuZ29vZ2xlLmNvbS9tYXBzP3E9U3BvcnRoYWxsZSUyMFBoaWxvc29waGVud2VnJTJDJTIwNzIwNzYlMjBUJUMzJUJDYmluZ2VuJmFtcDtvdXRwdXQ9ZW1iZWQiIHRpdGxlPSIiPjwvaWZyYW1lPg==<\/script><\/div><\/div><\/div>\n<hr>\n<p><strong><br \/>\nTurnhalle Feuerh\u00e4gle<br \/>\n<\/strong>Philosophenweg, 72076 T\u00fcbingen<\/p>\n<div class=\"su-gmap su-u-responsive-media-yes\"><div class=\"BorlabsCookie _brlbs-cb-googlemaps\"><div class=\"_brlbs-content-blocker\"> <div class=\"_brlbs-embed _brlbs-google-maps\"> <img data-recalc-dims=\"1\" class=\"_brlbs-thumbnail\" src=\"https:\/\/i0.wp.com\/hc-tuebingen.de\/wp-content\/plugins\/borlabs-cookie\/assets\/images\/cb-maps.png?w=620&#038;ssl=1\" alt=\"Google Maps\"> <div class=\"_brlbs-caption\"> <p>Mit dem Laden der Karte akzeptieren Sie die Datenschutzerkl\u00e4rung von Google.<br><a href=\"https:\/\/policies.google.com\/privacy\" target=\"_blank\" rel=\"nofollow noopener noreferrer\">Mehr erfahren<\/a><\/p> <p><a class=\"_brlbs-btn\" href=\"#\" data-borlabs-cookie-unblock role=\"button\">Karte laden<\/a><\/p> <p><label><input type=\"checkbox\" name=\"unblockAll\" value=\"1\" checked> <small>Google Maps immer entsperren<\/small><\/label><\/p> <\/div> <\/div> <\/div><div class=\"borlabs-hide\" data-borlabs-cookie-type=\"content-blocker\" data-borlabs-cookie-id=\"googlemaps\"><script type=\"text\/template\">PGlmcmFtZSBsb2FkaW5nPSJsYXp5IiB3aWR0aD0iNjAwIiBoZWlnaHQ9IjQwMCIgc3JjPSIvL21hcHMuZ29vZ2xlLmNvbS9tYXBzP3E9UHJpbXVzLVRydWJlci1TdHJhJUMzJTlGZSUyMDQ3JTIwNzIwNzIlMjBUJUMzJUJDYmluZ2VuJmFtcDtvdXRwdXQ9ZW1iZWQiIHRpdGxlPSIiPjwvaWZyYW1lPg==<\/script><\/div><\/div><\/div>\n","protected":false},"excerpt":{"rendered":"<p>Heimspiele der Hallenrunde werden zumeist in der Sporthalle der Geschwister Scholl Schule auf dem Waldh\u00e4user Ost (WHO) am Berliner Ring 33 ausgetragen. In wenigen Ausnahmen (Spielplan des HBW beachten) spielen wir in der Paul-Horn-Arena in der Europastra\u00dfe 50. Heimspiele der Feldrunde werden auf dem Kunstrasen in der Jahnallee ausgetragen. Der Platz liegt in einem Park &hellip; <a href=\"https:\/\/hc-tuebingen.de\/?page_id=9\" class=\"more-link\">Weiterlesen <span class=\"screen-reader-text\">Spielorte<\/span><\/a><\/p>\n","protected":false},"author":1,"featured_media":0,"parent":5,"menu_order":1,"comment_status":"closed","ping_status":"closed","template":"","meta":{"footnotes":""},"class_list":["post-9","page","type-page","status-publish","hentry","without-featured-image"],"jetpack_sharing_enabled":true,"jetpack_shortlink":"https:\/\/wp.me\/P9nm0i-9","jetpack_likes_enabled":true,"_links":{"self":[{"href":"https:\/\/hc-tuebingen.de\/index.php?rest_route=\/wp\/v2\/pages\/9","targetHints":{"allow":["GET"]}}],"collection":[{"href":"https:\/\/hc-tuebingen.de\/index.php?rest_route=\/wp\/v2\/pages"}],"about":[{"href":"https:\/\/hc-tuebingen.de\/index.php?rest_route=\/wp\/v2\/types\/page"}],"author":[{"embeddable":true,"href":"https:\/\/hc-tuebingen.de\/index.php?rest_route=\/wp\/v2\/users\/1"}],"replies":[{"embeddable":true,"href":"https:\/\/hc-tuebingen.de\/index.php?rest_route=%2Fwp%2Fv2%2Fcomments&post=9"}],"version-history":[{"count":14,"href":"https:\/\/hc-tuebingen.de\/index.php?rest_route=\/wp\/v2\/pages\/9\/revisions"}],"predecessor-version":[{"id":1748,"href":"https:\/\/hc-tuebingen.de\/index.php?rest_route=\/wp\/v2\/pages\/9\/revisions\/1748"}],"up":[{"embeddable":true,"href":"https:\/\/hc-tuebingen.de\/index.php?rest_route=\/wp\/v2\/pages\/5"}],"wp:attachment":[{"href":"https:\/\/hc-tuebingen.de\/index.php?rest_route=%2Fwp%2Fv2%2Fmedia&parent=9"}],"curies":[{"name":"wp","href":"https:\/\/api.w.org\/{rel}","templated":true}]}}