{"id":25,"date":"2017-05-09T13:52:04","date_gmt":"2017-05-09T11:52:04","guid":{"rendered":"http:\/\/localhost\/wordpress\/?page_id=25"},"modified":"2025-05-19T16:15:24","modified_gmt":"2025-05-19T14:15:24","slug":"impressum","status":"publish","type":"page","link":"https:\/\/hc-tuebingen.de\/?page_id=25","title":{"rendered":"Impressum"},"content":{"rendered":"<h5>Postanschrift<\/h5>\n<p>Hockey Club T\u00fcbingen e.V.<br \/>\nUlrike Schmidt<br \/>\nMichaelstra\u00dfe 4<br \/>\n72070 T\u00fcbingen<\/p>\n<h5>Vereinsregister<\/h5>\n<p>Amtsgericht Stuttgart<br \/>\nVR 380706<\/p>\n<h5>homepage<\/h5>\n<p>Verantwortlicher: Lorenz Gewert<br \/>\nKontakt: <a>medienreferent@hc-tuebingen.de<\/a><\/p>\n<h5>Bankverbindung<\/h5>\n<p>IBAN: DE56 6415 0020 0000 6848 28<br \/>\nBIC: SOLADES1 TUB<\/p>\n<p>&nbsp;<\/p>\n","protected":false},"excerpt":{"rendered":"<p>Postanschrift Hockey Club T\u00fcbingen e.V. Ulrike Schmidt Michaelstra\u00dfe 4 72070 T\u00fcbingen Vereinsregister Amtsgericht Stuttgart VR 380706 homepage Verantwortlicher: Lorenz Gewert Kontakt: medienreferent@hc-tuebingen.de Bankverbindung IBAN: DE56 6415 0020 0000 6848 28 BIC: SOLADES1 TUB &nbsp;<\/p>\n","protected":false},"author":1,"featured_media":0,"parent":21,"menu_order":1,"comment_status":"closed","ping_status":"closed","template":"","meta":{"footnotes":""},"class_list":["post-25","page","type-page","status-publish","hentry","without-featured-image"],"jetpack_sharing_enabled":true,"jetpack_shortlink":"https:\/\/wp.me\/P9nm0i-p","jetpack_likes_enabled":true,"_links":{"self":[{"href":"https:\/\/hc-tuebingen.de\/index.php?rest_route=\/wp\/v2\/pages\/25","targetHints":{"allow":["GET"]}}],"collection":[{"href":"https:\/\/hc-tuebingen.de\/index.php?rest_route=\/wp\/v2\/pages"}],"about":[{"href":"https:\/\/hc-tuebingen.de\/index.php?rest_route=\/wp\/v2\/types\/page"}],"author":[{"embeddable":true,"href":"https:\/\/hc-tuebingen.de\/index.php?rest_route=\/wp\/v2\/users\/1"}],"replies":[{"embeddable":true,"href":"https:\/\/hc-tuebingen.de\/index.php?rest_route=%2Fwp%2Fv2%2Fcomments&post=25"}],"version-history":[{"count":6,"href":"https:\/\/hc-tuebingen.de\/index.php?rest_route=\/wp\/v2\/pages\/25\/revisions"}],"predecessor-version":[{"id":696,"href":"https:\/\/hc-tuebingen.de\/index.php?rest_route=\/wp\/v2\/pages\/25\/revisions\/696"}],"up":[{"embeddable":true,"href":"https:\/\/hc-tuebingen.de\/index.php?rest_route=\/wp\/v2\/pages\/21"}],"wp:attachment":[{"href":"https:\/\/hc-tuebingen.de\/index.php?rest_route=%2Fwp%2Fv2%2Fmedia&parent=25"}],"curies":[{"name":"wp","href":"https:\/\/api.w.org\/{rel}","templated":true}]}}